{"id":224,"date":"2023-11-02T19:10:30","date_gmt":"2023-11-02T18:10:30","guid":{"rendered":"https:\/\/associationremora.fr\/?page_id=224"},"modified":"2024-04-15T21:57:14","modified_gmt":"2024-04-15T19:57:14","slug":"plan-du-site","status":"publish","type":"page","link":"https:\/\/associationremora.fr\/index.php\/plan-du-site\/","title":{"rendered":"Plan du site"},"content":{"rendered":"<div class=\"wsp-container\"><h2 class=\"wsp-pages-title\">Pages<\/h2>\n<ul class=\"wsp-pages-list\">\n<li class=\"page_item page-item-687\"><a href=\"https:\/\/associationremora.fr\/index.php\/accueil\/\">Accueil<\/a><\/li>\n<li class=\"page_item page-item-758\"><a href=\"https:\/\/associationremora.fr\/index.php\/tickets-order\/\">Commande termin\u00e9e<\/a><\/li>\n<li class=\"page_item page-item-643\"><a href=\"https:\/\/associationremora.fr\/index.php\/compte\/\">Compte<\/a><\/li>\n<li class=\"page_item page-item-8\"><a href=\"https:\/\/associationremora.fr\/index.php\/contactez-nous\/\">Contactez-nous<\/a><\/li>\n<li class=\"page_item page-item-1134\"><a href=\"https:\/\/associationremora.fr\/index.php\/element-liste-utilisateurs\/\">\u00c9l\u00e9ment de liste des utilisateurs\/utilisatrices<\/a><\/li>\n<li class=\"page_item page-item-646\"><a href=\"https:\/\/associationremora.fr\/index.php\/changer\/\">Modifier le mot de passe<\/a><\/li>\n<li class=\"page_item page-item-644\"><a href=\"https:\/\/associationremora.fr\/index.php\/oublie\/\">Mot de passe oubli\u00e9\u00a0?<\/a><\/li>\n<li class=\"page_item page-item-224\"><a href=\"https:\/\/associationremora.fr\/index.php\/plan-du-site\/\">Plan du site<\/a><\/li>\n<li class=\"page_item page-item-757\"><a href=\"https:\/\/associationremora.fr\/index.php\/tickets-checkout\/\">Plus de places disponibles<\/a><\/li>\n<li class=\"page_item page-item-647\"><a href=\"https:\/\/associationremora.fr\/index.php\/profil-2\/\">Profil<\/a><\/li>\n<li class=\"page_item page-item-645\"><a href=\"https:\/\/associationremora.fr\/index.php\/reinitialiser\/\">R\u00e9initialiser le mot de passe<\/a><\/li>\n<li class=\"page_item page-item-641\"><a href=\"https:\/\/associationremora.fr\/index.php\/sinscrire\/\">S\u2019inscrire<\/a><\/li>\n<li class=\"page_item page-item-642\"><a href=\"https:\/\/associationremora.fr\/index.php\/connexion-2\/\">Se connecter<\/a><\/li>\n<li class=\"page_item page-item-648\"><a href=\"https:\/\/associationremora.fr\/index.php\/utilisateurs-utilisatrices\/\">Utilisateurs\/utilisatrices<\/a><\/li>\n<\/ul>\n<h2 class=\"wsp-posts-title\">Articles par cat\u00e9gorie<\/h2>\n<ul class=\"wsp-posts-list\">\n\t<li><strong class=\"wsp-category-title\">Cat\u00e9gorie\u00a0: <a href=\"https:\/\/associationremora.fr\/index.php\/category\/actu\/\">Actualit\u00e9s<\/a><\/strong>\n<ul class=\"wsp-posts-list\">\t\t<li class=\"wsp-post\"><a href=\"https:\/\/associationremora.fr\/index.php\/2024-04-01\/collecte-de-dechets-au-fort-uhrich-organisee-par-3-associations-illkirchoises\/\">Collecte de d\u00c9chets au fort UHRich organis\u00e9e par 3 associations illkirchoises<\/a><\/li>\n\t\t<li class=\"wsp-post\"><a href=\"https:\/\/associationremora.fr\/index.php\/2024-02-08\/campagne-de-financement-participatif\/\">Campagne de financement participatif<\/a><\/li>\n<\/ul><\/li>\n\t<li><strong class=\"wsp-category-title\">Cat\u00e9gorie\u00a0: <a href=\"https:\/\/associationremora.fr\/index.php\/category\/collectes\/\">Collectes<\/a><\/strong>\n<ul class=\"wsp-posts-list\">\t\t<li class=\"wsp-post\"><a href=\"https:\/\/associationremora.fr\/index.php\/2026-03-03\/1-400-kg-de-dechets-retires-sous-le-pont-du-maire-kuss-a-strasbourg\/\">1 400 kg de d\u00e9chets retir\u00e9s sous le pont du Maire Kuss \u00e0 Strasbourg<\/a><\/li>\n\t\t<li class=\"wsp-post\"><a href=\"https:\/\/associationremora.fr\/index.php\/2025-09-24\/world-clean-up-strasbourg\/\">World CLEAN UP Strasbourg<\/a><\/li>\n\t\t<li class=\"wsp-post\"><a href=\"https:\/\/associationremora.fr\/index.php\/2025-09-15\/800-kg-de-dechets-retires-de-lill-a-strasbourg\/\">800 kg de d\u00e9chets retir\u00e9s dE L&rsquo;ILL \u00e0 Strasbourg !<\/a><\/li>\n\t\t<li class=\"wsp-post\"><a href=\"https:\/\/associationremora.fr\/index.php\/2025-01-15\/premiere-collecte-de-lannee-2\/\">Premi\u00e8re collecte de l&rsquo;ann\u00e9e 2025<\/a><\/li>\n\t\t<li class=\"wsp-post\"><a href=\"https:\/\/associationremora.fr\/index.php\/2024-01-15\/premiere-collecte-de-lannee\/\">Premi\u00e8re collecte de l&rsquo;ann\u00e9e<\/a><\/li>\n\t\t<li class=\"wsp-post\"><a href=\"https:\/\/associationremora.fr\/index.php\/2023-12-15\/notre-calendrier-devenements\/\">Notre calendrier d&rsquo;\u00e9v\u00e8nements<\/a><\/li>\n<\/ul><\/li>\n\t<li><strong class=\"wsp-category-title\">Cat\u00e9gorie\u00a0: <a href=\"https:\/\/associationremora.fr\/index.php\/category\/public-event\/\">\u00c9v\u00e9nement public<\/a><\/strong>\n<ul class=\"wsp-posts-list\">\t\t<li class=\"wsp-post\"><a href=\"https:\/\/associationremora.fr\/index.php\/2024-05-29\/eaupla-cest-la-fete\/\">EAU&rsquo;PLA c&rsquo;est la f\u00eate !<\/a><\/li>\n\t\t<li class=\"wsp-post\"><a href=\"https:\/\/associationremora.fr\/index.php\/2023-11-22\/la-fete-de-lancement-de-lassociation\/\">La f\u00eate de lancement de l\u2019association<\/a><\/li>\n<\/ul><\/li>\n\t<li><strong class=\"wsp-category-title\">Cat\u00e9gorie\u00a0: <a href=\"https:\/\/associationremora.fr\/index.php\/category\/information\/\">Informations<\/a><\/strong>\n<ul class=\"wsp-posts-list\">\t\t<li class=\"wsp-post\"><a href=\"https:\/\/associationremora.fr\/index.php\/2023-11-09\/notre-asso-la-genese\/\">Notre asso, la gen\u00e8se\u00a0<\/a><\/li>\n<\/ul><\/li>\n<\/ul>\n<h2 class=\"wsp-tribe_eventss-title\">\u00c9v\u00e8nements<\/h2>\n<ul class=\"wsp-tribe_eventss-list\">\n<li><a href=\"https:\/\/associationremora.fr\/index.php\/event\/collecte-aquatique-rhin-tortu-plobsheim\/\">Collecte aquatique \/ Rhin Tortu Plobsheim<\/a><\/li>\n<\/ul>\n<h2 class=\"wsp-tribe_events_cats-title\">Cat\u00e9gories d\u2019\u00c9v\u00e8nement<\/h2>\n<ul class=\"wsp-tribe_events_cats-list\">\n<li><a href=\"https:\/\/associationremora.fr\/index.php\/events\/categorie\/collecte-ponctuelle\/\">Collecte ponctuelle<\/a><\/li>\n<li><a href=\"https:\/\/associationremora.fr\/index.php\/events\/categorie\/collecte-reguliere\/\">Collecte r\u00e9guli\u00e8re<\/a><\/li>\n<li><a href=\"https:\/\/associationremora.fr\/index.php\/events\/categorie\/fete\/\">F\u00eate<\/a><\/li>\n<li><a href=\"https:\/\/associationremora.fr\/index.php\/events\/categorie\/fete-privee\/\">F\u00eate priv\u00e9e<\/a><\/li>\n<li><a href=\"https:\/\/associationremora.fr\/index.php\/events\/categorie\/sensibilisation\/\">Sensibilisation<\/a><\/li>\n<\/ul>\n<\/div>\n","protected":false},"excerpt":{"rendered":"","protected":false},"author":2,"featured_media":0,"parent":0,"menu_order":0,"comment_status":"closed","ping_status":"closed","template":"","meta":{"_price":"","_stock":"","_tribe_ticket_header":"","_tribe_default_ticket_provider":"","_tribe_ticket_capacity":"0","_ticket_start_date":"","_ticket_end_date":"","_tribe_ticket_show_description":"","_tribe_ticket_show_not_going":false,"_tribe_ticket_use_global_stock":"","_tribe_ticket_global_stock_level":"","_global_stock_mode":"","_global_stock_cap":"","_tribe_rsvp_for_event":"","_tribe_ticket_going_count":"","_tribe_ticket_not_going_count":"","_tribe_tickets_list":"[]","_tribe_ticket_has_attendee_info_fields":false,"_EventAllDay":false,"_EventTimezone":"","_EventStartDate":"","_EventEndDate":"","_EventStartDateUTC":"","_EventEndDateUTC":"","_EventShowMap":false,"_EventShowMapLink":false,"_EventURL":"","_EventCost":"","_EventCostDescription":"","_EventCurrencySymbol":"","_EventCurrencyCode":"","_EventCurrencyPosition":"","_EventDateTimeSeparator":"","_EventTimeRangeSeparator":"","_EventOrganizerID":[],"_EventVenueID":[],"_OrganizerEmail":"","_OrganizerPhone":"","_OrganizerWebsite":"","_VenueAddress":"","_VenueCity":"","_VenueCountry":"","_VenueProvince":"","_VenueState":"","_VenueZip":"","_VenuePhone":"","_VenueURL":"","_VenueStateProvince":"","_VenueLat":"","_VenueLng":"","_VenueShowMap":false,"_VenueShowMapLink":false,"footnotes":""},"class_list":["post-224","page","type-page","status-publish","hentry"],"_links":{"self":[{"href":"https:\/\/associationremora.fr\/index.php\/wp-json\/wp\/v2\/pages\/224","targetHints":{"allow":["GET"]}}],"collection":[{"href":"https:\/\/associationremora.fr\/index.php\/wp-json\/wp\/v2\/pages"}],"about":[{"href":"https:\/\/associationremora.fr\/index.php\/wp-json\/wp\/v2\/types\/page"}],"author":[{"embeddable":true,"href":"https:\/\/associationremora.fr\/index.php\/wp-json\/wp\/v2\/users\/2"}],"replies":[{"embeddable":true,"href":"https:\/\/associationremora.fr\/index.php\/wp-json\/wp\/v2\/comments?post=224"}],"version-history":[{"count":1,"href":"https:\/\/associationremora.fr\/index.php\/wp-json\/wp\/v2\/pages\/224\/revisions"}],"predecessor-version":[{"id":225,"href":"https:\/\/associationremora.fr\/index.php\/wp-json\/wp\/v2\/pages\/224\/revisions\/225"}],"wp:attachment":[{"href":"https:\/\/associationremora.fr\/index.php\/wp-json\/wp\/v2\/media?parent=224"}],"curies":[{"name":"wp","href":"https:\/\/api.w.org\/{rel}","templated":true}]}}